{"id":3068,"date":"2022-02-08T15:29:16","date_gmt":"2022-02-08T15:29:16","guid":{"rendered":"https:\/\/molecular.com.pl\/?page_id=3068"},"modified":"2022-02-14T13:03:35","modified_gmt":"2022-02-14T13:03:35","slug":"polityka-prywatnosci","status":"publish","type":"page","link":"https:\/\/molecular.com.pl\/?page_id=3068","title":{"rendered":"Polityka prywatno\u015bci"},"content":{"rendered":"\n<div class=\"wp-block-group is-layout-flex wp-block-group-is-layout-flex\">\n<p><\/p>\n<\/div>\n\n\n\n<ol class=\"wp-block-list\"><li>Niniejsza polityka prywatno\u015bci dotyczy strony www pod adresem: https:\/\/molecular.com.pl ,kt\u00f3rej operatorem oraz administratorem danych osobowych jest: OWL IOT sp. z o.o. z siedzib\u0105 ul. Elizy Orzeszkowej 17\/17, 15-084 Bia\u0142ystok, Polska, zarejestrowana w rejestrze przedsi\u0119biorc\u00f3w Krajowego Rejestru S\u0105dowego prowadzonym przez S\u0105d Rejonowy w Bia\u0142ymstoku, XII Wydzia\u0142 Gospodarczy Krajowego Rejestru S\u0105dowego , KRS 0000794104.<\/li><li>Dane osobowe podane przez u\u017cytkownika w trakcie korzystania z strony www zostaj\u0105 wykorzystane w nast\u0119puj\u0105cych celach:<br><\/li><\/ol>\n\n\n\n<ul class=\"list-first-class wp-block-list\"><li class=\"list-first-class\">a) w celu przygotowania i \u015bwiadczenia Us\u0142ug dost\u0119pnych na stronie WWW;<\/li><li class=\"list-first-class\">b) w celu wype\u0142niania obowi\u0105zk\u00f3w wynikaj\u0105cych z przepis\u00f3w prawa, w tym w szczeg\u00f3lno\u015bci przepis\u00f3w prawa podatkowego oraz zasad rachunkowo\u015bci;<\/li><li class=\"list-first-class\">c) z uwagi na uzasadnione interesy Organizatora:<\/li><\/ul>\n\n\n\n<ul class=\"list-second-class wp-block-list\"><li class=\"list-second-class\">I. dla sprawnej realizacji bie\u017c\u0105cej dzia\u0142alno\u015bci Administratora, w tym realizacji proces\u00f3w biznesowych i administracyjnych zwi\u0105zanych z przedmiotem dzia\u0142alno\u015bci Administratora zwi\u0105zanym z stron\u0105 www;<\/li><li class=\"list-second-class\">II. dla realizacji umowy o \u015bwiadczenie us\u0142ug zawartej z U\u017cytkownikiem;<\/li><li class=\"list-second-class\">III. dla przygotowywania raport\u00f3w i opracowywania analiz;<\/li><li class=\"list-second-class\">IV. do ewentualnego ustalenia, dochodzenia lub obrony roszcze\u0144 z tytu\u0142u prowadzonej dzia\u0142alno\u015bci gospodarczej, w tym w szczeg\u00f3lno\u015bci zwi\u0105zanych z Us\u0142ugami<\/li><li class=\"list-second-class\">V. na podstawie art. 6 ust. 1 lit. f) RODO.<\/li><\/ul>\n\n\n\n<p><\/p>\n\n\n\n<ol class=\"wp-block-list\" start=\"3\"><li>Pozyskiwanie informacji ma miejsce poprzez zbieranie danych dobrowolnie wprowadzonych przez U\u017cytkownik\u00f3w oraz zapisywanie plik\u00f3w cookies.<\/li><li>Dane osobowe przechowywane s\u0105 w bazie danych w formie zaszyfrowanej \u2013 z ograniczonym dost\u0119pem dla os\u00f3b uprawnionych. Wykonywane s\u0105 regularne kopie bezpiecze\u0144stwa. Operator strony stosuje aktualne zasady zabezpieczenia danych, w tym posiada odpowiednie oprogramowanie chroni\u0105ce.<\/li><li>Strona jest hostowana u operatora posiadaj\u0105cego odpowiednie polityki i spe\u0142nia wymagane  standardy (\u015brodki ochrony przed utrat\u0105 danych, adekwatne \u015brodki ochrony miejsc przetwarzania,<\/li><li>Odbiorcami podanych danych osobowych s\u0105 dostawcy innych towar\u00f3w i us\u0142ug niezb\u0119dnych do realizacji cel\u00f3w strony oraz podmioty, kt\u00f3rym powierzono przetwarzanie danych osobowych, a tak\u017ce podmioty uprawnione na podstawie przepis\u00f3w prawa, w tym organy pa\u0144stwowe.<\/li><li>Dane osobowe przetwarzane przez Administratora nie d\u0142u\u017cej, ni\u017c jest to konieczne do wykonania zwi\u0105zanych z nimi czynno\u015bci okre\u015blonych osobnymi przepisami i Regulaminem serwisu.<\/li><li>Strona zbiera informacje podane dobrowolnie przez u\u017cytkownika, w tym dane osobowe, o ile zostan\u0105 one podane.<\/li><li>Strona mo\u017ce zapisa\u0107 informacje o parametrach po\u0142\u0105czenia (oznaczenie czasu, adres IP). <\/li><li>Serwis korzysta z plik\u00f3w cookies, kt\u00f3re stanowi\u0105 dane informatyczne, w szczeg\u00f3lno\u015bci pliki tekstowe, kt\u00f3re przechowywane s\u0105 w urz\u0105dzeniu ko\u0144cowym i przeznaczone s\u0105 do korzystania ze strony.<\/li><li>U\u017cytkownik kt\u00f3ry nie chce otrzymywa\u0107 plik\u00f3w cookies, mo\u017ce zmieni\u0107 ustawienia przegl\u0105darki.<\/li><li>W zakresie nieuregulowanym w niniejszej Polityce stosuje si\u0119 postanowienia Regulaminu serwisu.<\/li><\/ol>\n","protected":false},"excerpt":{"rendered":"<p>Niniejsza polityka prywatno\u015bci dotyczy strony www pod adresem: https:\/\/molecular.com.pl ,kt\u00f3rej operatorem oraz administratorem danych osobowych jest: OWL IOT sp. z o.o. z siedzib\u0105 ul. Elizy Orzeszkowej 17\/17, 15-084 Bia\u0142ystok, Polska, zarejestrowana w rejestrze przedsi\u0119biorc\u00f3w Krajowego Rejestru S\u0105dowego prowadzonym przez S\u0105d Rejonowy w Bia\u0142ymstoku, XII Wydzia\u0142 Gospodarczy Krajowego Rejestru S\u0105dowego , KRS 0000794104. Dane osobowe podane [&hellip;]<\/p>\n","protected":false},"author":1,"featured_media":0,"parent":0,"menu_order":0,"comment_status":"closed","ping_status":"closed","template":"","meta":{"footnotes":""},"class_list":["post-3068","page","type-page","status-publish","hentry","clearfix"],"_links":{"self":[{"href":"https:\/\/molecular.com.pl\/index.php?rest_route=\/wp\/v2\/pages\/3068","targetHints":{"allow":["GET"]}}],"collection":[{"href":"https:\/\/molecular.com.pl\/index.php?rest_route=\/wp\/v2\/pages"}],"about":[{"href":"https:\/\/molecular.com.pl\/index.php?rest_route=\/wp\/v2\/types\/page"}],"author":[{"embeddable":true,"href":"https:\/\/molecular.com.pl\/index.php?rest_route=\/wp\/v2\/users\/1"}],"replies":[{"embeddable":true,"href":"https:\/\/molecular.com.pl\/index.php?rest_route=%2Fwp%2Fv2%2Fcomments&post=3068"}],"version-history":[{"count":22,"href":"https:\/\/molecular.com.pl\/index.php?rest_route=\/wp\/v2\/pages\/3068\/revisions"}],"predecessor-version":[{"id":3193,"href":"https:\/\/molecular.com.pl\/index.php?rest_route=\/wp\/v2\/pages\/3068\/revisions\/3193"}],"wp:attachment":[{"href":"https:\/\/molecular.com.pl\/index.php?rest_route=%2Fwp%2Fv2%2Fmedia&parent=3068"}],"curies":[{"name":"wp","href":"https:\/\/api.w.org\/{rel}","templated":true}]}}